at are the prime factors of 277697839?
17, 37, 113, 3907
What are the prime factors of 2643822630?
2, 3, 5, 23, 1277209
What are the prime factors of 259073082?
2, 3, 14392949
List the prime factors of 706762591.
421, 1678771
What are the prime factors of 3064607523?
3, 331, 1028737
What are the prime factors of 22366481?
22366481
What are the prime factors of 2212770162?
2, 3, 368795027
What are the prime factors of 219847376?
2, 7, 29, 113, 599
What are the prime factors of 647959471?
17, 38115263
List the prime factors of 6123331920.
2, 3, 5, 1699, 15017
List the prime factors of 12673.
19, 23, 29
What are the prime factors of 2260143?
3, 71, 131
List the prime factors of 542994891.
3, 163, 307, 3617
List the prime factors of 29745406.
2, 14872703
What are the prime factors of 12107037?
3, 43, 127, 739
List the prime factors of 222996314.
2, 647, 172331
What are the prime factors of 41378265?
3, 5, 23, 39979
List the prime factors of 495952902.
2, 3, 1913, 4801
List the prime factors of 51212324.
2, 769, 16649
List the prime factors of 739830185.
5, 1907, 77591
What are the prime factors of 132143430?
2, 3, 5, 29, 67, 2267
What are the prime factors of 659082810?
2, 3, 5, 419, 52433
What are the prime factors of 125175164?
2, 109, 287099
List the prime factors of 102102986.
2, 17, 3003029
What are the prime factors of 1789014551?
1789014551
List the prime factors of 385765018.
2, 19, 29, 12071
What are the prime factors of 37803101?
7, 5400443
What are the prime factors of 6422572980?
2, 3, 5, 35680961
What are the prime factors of 407459278?
2, 293, 695323
What are the prime factors of 1832919743?
433, 4233071
What are the prime factors of 5398519111?
1237, 4364203
List the prime factors of 6814130833.
41, 7699, 21587
What are the prime factors of 21930859?
41, 157, 3407
What are the prime factors of 630171242?
2, 315085621
List the prime factors of 427922684.
2, 7, 311897
List the prime factors of 167899834.
2, 1307, 64231
List the prime factors of 3102454591.
317, 9786923
What are the prime factors of 17763211?
17763211
What are the prime factors of 1121574391?
7, 29, 677, 8161
What are the prime factors of 789268853?
789268853
List the prime factors of 8927878.
2, 37, 120647
List the prime factors of 106271749.
106271749
What are the prime factors of 294525199?
294525199
What are the prime factors of 1927330?
2, 5, 37, 5209
List the prime factors of 1370381328.
2, 3, 1057393
What are the prime factors of 284892377?
7, 11, 3699901
What are the prime factors of 271053868?
2, 67763467
What are the prime factors of 146420134?
2, 7, 47, 83, 383
What are the prime factors of 598092434?
2, 61, 191, 25667
What are the prime factors of 49284452?
2, 7, 1760159
What are the prime factors of 108939781?
108939781
What are the prime factors of 376697651?
11, 67, 511123
List the prime factors of 3421232377.
109, 31387453
What are the prime factors of 8135080791?
3, 31, 3491, 25057
List the prime factors of 339127125.
3, 5, 53, 113, 151
What are the prime factors of 415017469?
2371, 175039
List the prime factors of 131193177.
3, 1051, 41609
What are the prime factors of 40532892?
2, 3, 3377741
What are the prime factors of 224216800?
2, 5, 31, 9041
What are the prime factors of 85474466?
2, 7, 11, 555029
List the prime factors of 3249817676.
2, 7, 953, 121789
List the prime factors of 121045494.
2, 3, 20174249
List the prime factors of 35537665.
5, 7107533
What are the prime factors of 11768542?
2, 5884271
List the prime factors of 2462617258.
2, 5209, 236381
List the prime factors of 4632767108.
2, 563, 2057179
What are the prime factors of 154256435?
5, 30851287
What are the prime factors of 3899491?
211, 18481
What are the prime factors of 70250653?
11, 509, 12547
What are the prime factors of 50980580?
2, 5, 7, 52021
What are the prime factors of 6086475?
3, 5, 71, 127
What are the prime factors of 17763807?
3, 5921269
What are the prime factors of 163827019?
3823, 42853
What are the prime factors of 1219153234?
2, 13, 46890509
What are the prime factors of 68342315?
5, 23, 594281
List the prime factors of 1433983171.
2371, 604801
What are the prime factors of 2469451790?
2, 5, 13, 17, 29, 53, 727
What are the prime factors of 71859254?
2, 19, 37, 51109
What are the prime factors of 61311856?
2, 59, 107, 607
What are the prime factors of 69039784?
2, 11, 784543
What are the prime factors of 1267434240?
2, 3, 5, 330061
What are the prime factors of 372869373?
3, 103, 503, 2399
List the prime factors of 173624197.
59, 2942783
What are the prime factors of 53518207?
53518207
What are the prime factors of 812952387?
3, 13, 41, 169471
What are the prime factors of 291173989?
109, 1031, 2591
What are the prime factors of 618585738?
2, 3, 103097623
List the prime factors of 5578072682.
2, 7, 13, 821, 5333
List the prime factors of 5612195381.
13, 431707337
List the prime factors of 504788379.
3, 168262793
What are the prime factors of 188170512?
2, 3, 449, 8731
What are the prime factors of 65024594?
2, 47, 601, 1151
List the prime factors of 7999076132.
2, 67, 29847299
What are the prime factors of 509071528?
2, 7, 17, 534739
List the prime factors of 533674132.
2, 17, 7848149
List the prime factors of 139833332.
2, 571, 61223
What are the prime factors of 715105719?
3, 23, 191, 6029
List the prime factors of 1191487735.
5, 238297547
What are the prime factors of 1643267139?
3, 17383, 31511
List the prime factors of 2522355723.
3, 280261747
List the prime factors of 62616080.
2, 5, 127, 6163
List the prime factors of 175592943.
3, 19510327
What are the prime factors of 84956054?
2, 1109, 38303
List the prime factors of 1588058892.
2, 3, 7, 2100607
What are the prime factors of 288597879?
3, 29, 31, 53, 673
List the prime factors of 1197010362.
2, 3, 2953, 67559
List the prime factors of 26073791.
26073791
What are the prime factors of 201775791?
3, 7, 9608371
What are the prime factors of 188233955?
5, 7, 13, 23, 17987
List the prime factors of 1450390466.
2, 7, 563, 184013
List the prime factors of 7073283.
3, 7, 336823
List the prime factors of 2744609453.
191, 14369683
What are the prime factors of 120057906?
2, 3, 20009651
What are the prime factors of 9194162?
2, 4597081
What are the prime factors of 428215862?
2, 214107931
List the prime factors of 573414525.
3, 5, 127, 6689
What are the prime factors of 253535734?
2, 19, 2003, 3331
What are the prime factors of 85760702?
2, 42880351
What are the prime factors of 46747919?
46747919
What are the prime factors of 35562409?
47, 71, 10657
List the prime factors of 127650024.
2, 3, 137, 12941
What are the prime factors of 2781984673?
13, 9431, 22691
List the prime factors of 391496713.
391496713
List the prime factors of 1877707440.
2, 3, 5, 7, 113, 157
What are the prime factors of 198370031?
113, 1755487
List the prime factors of 49527137.
11, 17, 59, 67
What are the prime factors of 169318894?
2, 4003, 21149
What are the prime factors of 592942478?
2, 853, 347563
What are the prime factors of 5813346827?
31, 41, 281, 397
List the prime factors of 550014072.
2, 3, 53, 432401
What are the prime factors of 351569642?
2, 139, 389, 3251
List the prime factors of 270842962.
2, 13, 149, 151, 463
List the prime factors of 43619625.
3, 5, 7, 29, 191
What are the prime factors of 45918197?
13, 79, 44711
What are the prime factors of 29978876?
2, 7494719
What are the prime factors of 536406267?
3, 2203, 81163
What are the prime factors of 126703940?
2, 5, 11, 41, 1277
List the prime factors of 50085915.
3, 5, 11, 303551
List the prime factors of 18743108.
2, 4685777
What are the prime factors of 1047070011?
3, 13, 26847949
What are the prime factors of 34023186?
2, 3, 19, 33161
What are the prime factors of 942114774?
2, 3, 181, 867509
List the prime factors of 164354764.
2, 7, 127, 46219
What are the prime factors of 334658537?
283, 1182539
List the prime factors of 19573492.
2, 29, 168737
What are the prime factors of 5802785571?
3, 11, 761, 231067
What are the prime factors of 41433565?
5, 8286713
What are the prime factors of 34126830?
2, 3, 5, 379187
List the prime factors of 117604659.
3, 39201553
List the prime factors of 66831218.
2, 647, 51647
What are the prime factors of 71529474?
2, 3, 179, 666